ens digit of 7040?
4
What is the units digit of 23406?
6
What is the units digit of 56092?
2
What is the ten thousands digit of 47949?
4
What is the hundreds digit of 7462?
4
What is the tens digit of 2652?
5
What is the units digit of 287?
7
What is the tens digit of 239?
3
What is the tens digit of 722?
2
What is the units digit of 8237?
7
What is the tens digit of 1052?
5
What is the ten thousands digit of 24316?
2
What is the thousands digit of 5584?
5
What is the units digit of 30228?
8
What is the hundreds digit of 18711?
7
What is the thousands digit of 161231?
1
What is the hundreds digit of 721?
7
What is the tens digit of 16098?
9
What is the hundreds digit of 2589?
5
What is the units digit of 55150?
0
What is the hundreds digit of 1427?
4
What is the tens digit of 1873?
7
What is the units digit of 109?
9
What is the hundreds digit of 8611?
6
What is the hundreds digit of 53324?
3
What is the hundreds digit of 15799?
7
What is the thousands digit of 9170?
9
What is the hundreds digit of 65549?
5
What is the tens digit of 6973?
7
What is the tens digit of 103?
0
What is the units digit of 1113?
3
What is the ten thousands digit of 25594?
2
What is the tens digit of 8764?
6
What is the tens digit of 560?
6
What is the tens digit of 28?
2
What is the thousands digit of 2825?
2
What is the thousands digit of 44982?
4
What is the tens digit of 1026?
2
What is the tens digit of 598?
9
What is the hundred thousands digit of 188588?
1
What is the hundreds digit of 145581?
5
What is the units digit of 1923?
3
What is the thousands digit of 33406?
3
What is the units digit of 1935?
5
What is the hundreds digit of 116?
1
What is the tens digit of 29737?
3
What is the thousands digit of 100539?
0
What is the hundreds digit of 141759?
7
What is the thousands digit of 3611?
3
What is the units digit of 116?
6
What is the hundreds digit of 252?
2
What is the units digit of 3480?
0
What is the thousands digit of 85373?
5
What is the ten thousands digit of 29286?
2
What is the units digit of 17681?
1
What is the units digit of 80916?
6
What is the tens digit of 755?
5
What is the tens digit of 16693?
9
What is the units digit of 17836?
6
What is the tens digit of 23535?
3
What is the hundreds digit of 230?
2
What is the hundreds digit of 43156?
1
What is the tens digit of 2189?
8
What is the units digit of 9204?
4
What is the units digit of 589?
9
What is the tens digit of 2745?
4
What is the tens digit of 20456?
5
What is the units digit of 3897?
7
What is the thousands digit of 9437?
9
What is the units digit of 4049?
9
What is the tens digit of 1055?
5
What is the tens digit of 4621?
2
What is the hundreds digit of 1398?
3
What is the thousands digit of 1551?
1
What is the units digit of 3008?
8
What is the units digit of 6734?
4
What is the tens digit of 981?
8
What is the tens digit of 3631?
3
What is the units digit of 1046?
6
What is the units digit of 33?
3
What is the units digit of 40869?
9
What is the ten thousands digit of 38611?
3
What is the tens digit of 1062?
6
What is the hundreds digit of 79426?
4
What is the tens digit of 614?
1
What is the units digit of 5132?
2
What is the ten thousands digit of 26022?
2
What is the tens digit of 65746?
4
What is the units digit of 444?
4
What is the thousands digit of 1288?
1
What is the thousands digit of 6764?
6
What is the units digit of 257?
7
What is the units digit of 4854?
4
What is the hundreds digit of 2828?
8
What is the hundreds digit of 688?
6
What is the hundreds digit of 10575?
5
What is the tens digit of 1364?
6
What is the tens digit of 25655?
5
What is the thousands digit of 101540?
1
What is the tens digit of 20419?
1
What is the hundreds digit of 658?
6
What is the hundreds digit of 484?
4
What is the tens digit of 162?
6
What is the thousands digit of 84188?
4
What is the units digit of 205762?
2
What is the hundreds digit of 5590?
5
What is the tens digit of 31024?
2
What is the tens digit of 500?
0
What is the tens digit of 3711?
1
What is the hundreds digit of 6742?
7
What is the tens digit of 73?
7
What is the tens digit of 5011?
1
What is the units digit of 9366?
6
What is the tens digit of 2732?
3
What is the hundreds digit of 5761?
7
What is the hundreds digit of 8112?
1
What is the units digit of 30630?
0
What is the hundreds digit of 31970?
9
What is the units digit of 1453?
3
What is the units digit of 426?
6
What is the units digit of 2329?
9
What is the thousands digit of 7135?
7
What is the tens digit of 15500?
0
What is the thousands digit of 64530?
4
What is the hundreds digit of 7436?
4
What is the hundreds digit of 175?
1
What is the tens digit of 22917?
1
What is the units digit of 23926?
6
What is the hundreds digit of 3866?
8
What is the hundreds digit of 71241?
2
What is the tens digit of 411?
1
What is the hundreds digit of 653?
6
What is the hundreds digit of 24696?
6
What is the tens digit of 2251?
5
What is the units digit of 1733?
3
What is the ten thousands digit of 50144?
5
What is the hundreds digit of 779?
7
What is the tens digit of 685?
8
What is the tens digit of 258?
5
What is the units digit of 9017?
7
What is the hundreds digit of 4545?
5
What is the thousands digit of 4641?
4
What is the thousands digit of 24841?
4
What is the thousands digit of 1180?
1
What is the units digit of 3645?
5
What is the tens digit of 8282?
8
What is the thousands digit of 17823?
7
What is the hundreds digit of 1220?
2
What is the hundreds digit of 4301?
3
What is the tens digit of 45?
4
What is the units digit of 4796?
6
What is the units digit of 1236?
6
What is the units digit of 45266?
6
What is the tens digit of 131050?
5
What is the thousands digit of 4226?
4
What is the hundreds digit of 3060?
0
What is the units digit of 67789?
9
What is the hundreds digit of 3263?
2
What is the tens digit of 604?
0
What is the thousands digit of 19745?
9
What is the hundreds digit of 653?
6
What is the units digit of 186?
6
What is the tens digit of 25357?
5
What is the hundreds digit of 2129?
1
What is the tens digit of 898?
9
What is the hundreds digit of 52114?
1
What is the thousands digit of 2321?
2
What is the hundreds digit of 346?
3
What is the tens digit of 3448?
4
What is the tens digit of 134146?
4
What is the thousands digit of 7513?
7
What is the hundreds digit of 40404?
4
What is the tens digit of 108610?
1
What is the hundreds digit of 421?
4
What is the hundreds digit of 2782?
7
What is the thousands digit of 26005?
6
What is the tens digit of 1289?
8
What is the tens digit of 65263?
6
What is the tens digit of 7393?
9
What is the units digit of 48709?
9
What is the hundreds digit of 19741?
7
What is the hundreds digit of 961?
9
What is the tens digit of 3854?
5
What is the ten thousands digit of 11713?
1
What is the thousands digit of 9722?
9
What is the hundreds digit of 18889?
8
What is the thousands digit of 11396?
1
What is the tens digit of 749?
4
What is the tens digit of 43773?
7
What is the tens digit of 14617?
1
What is the tens digit of 1773?
7
What is the thousands digit of 14589?
4
What is the hundreds digit of 5575?
5
What is the units digit of 1854?
4
What is the units digit of 1263?
3
What is the hundreds digit of 134789?
7
What is the units digit of 197?
7
What is the units digit of 20693?
3
What is the ten thousands digit of 27472?
2
What is the tens digit of 2309?
0
What is the hundreds digit of 7838?
8
What is the units digit of 93?
3
What is the tens digit of 282?
8
What is the units digit of 505?
5
What is the tens digit of 765?
6
What is the tens digit of 1232?
3
What is the units digit of 55278?
8
What is the thousands digit of 92340?
2
What is the hundreds digit of 429?
4
What is the hundreds digit of 32661?
6
What is the hundreds digit of 5527?
5
What is the units digit of 20995?
5
What is the units digit of 14315?
5
What is the units digit of 30484?
4
What is the thousands digit of 3323?
3
What is the tens digit of 988?
8
What is the tens digit of 4038?
3
What is the hundreds digit of 268?
2
What is the thousands digit of 5233?
5
What is the hundreds digit of 347?
3
What is the hundreds digit of 10922?
9
What is the tens digit of 7474?
7
What is the thousands digit of 7354?
7
What is the thousands digit of 3850?
3
What 